 be d(-2). Suppose 0 = -3*g + 12, o*q = 3*q - 2*g + 1093. Is q prime?
False
Let s(a) be the third derivative of -a**6/24 - a**3/6 + a**2. Let r be s(-1). Suppose -m - r*m = -115. Is m a composite number?
False
Let u(k) = -k**2 + 11*k - 11. Let w be u(10). Is (2 + 1)/(w/(-173)) a composite number?
True
Is 1*((-2 - 3) + 10954)*1 prime?
True
Let z = -1062 + 3697. Suppose -3*b + z = o, -1318 = -b - o - 437. Is b a composite number?
False
Suppose 0 = -3*i + 2*i + 2. Suppose -4*y = -5*z - 1098, -7*y = -i*y + 2*z - 1389. Is y a composite number?
False
Let k be (1/(-2))/1*-4. Suppose -10 = -2*z - 2*z + k*d, -4*d = -4. Suppose -118 = z*i - 5*i. Is i a prime number?
True
Let v be -1*(-4740)/25 + (-2)/(-5). Let d = v + 223. Is d prime?
False
Let o be (-2 - 1)/(-1) + -3. Let v be 2 - (-7 + 2)*7. Is (1 + o)*-2 + v a composite number?
True
Suppose -12*z + 195126 = -570006. Is z composite?
False
Let l = -20 - -25. Suppose -2*t - 31 = l*w, 3*t + 0*w + 34 = -5*w. Is (0 - -183) + t + -2 a composite number?
True
Let i = 196 - 56. Suppose -457 = -4*x + 5*f, 196 = 3*x + 3*f - i. Is x a composite number?
False
Let p be (2*(3 - 1))/2. Let r be 1 - 4 - -28 - p. Suppose -r = 5*m - 118. Is m a prime number?
True
Suppose -4*v = -v - 12. Suppose -6*k + 166 = -v*k. Is k prime?
True
Let t be 13/(-52) + (-8753)/(-4). Let c = -1235 + t. Is c a prime number?
True
Suppose -236901 = 31*j - 52*j. Is j composite?
True
Suppose 2*l - 2*m - 2416 = 0, -2*l = 6*m - 2*m - 2446. Is l a composite number?
False
Let t be (1/(-1)*3 - 1) + 1115. Let s = 1592 - t. Is s prime?
False
Suppose 3*z - 1 = -5*n + 6*z, 0 = -5*n + 4*z - 2. Suppose 0 = -2*c - 4*r + 1266, -2*r = -n*c - 2*c + 2522. Let i = c + -440. Is i prime?
True
Let h = 91079 - 45388. Is h prime?
True
Let x(r) = -62*r**2 + 3*r - 3. Let y be x(2). Let l be 2*(-1 - y/1). Let m = l - 289. Is m a prime number?
True
Let o = 22472 + 49133. Is o composite?
True
Suppose -4*r - 4*u = -25840, -3*r + 13*u - 14*u + 19374 = 0. Is r prime?
False
Suppose -2*r - 4765 = -o + 2224, 3*r - 7004 = -o. Is o a prime number?
False
Suppose 0 = -4*b - 4*h + 49 + 47, 5*b - 5*h = 120. Let p = -19 + b. Suppose 3*i + 2*i + p*u - 1280 = 0, -2*u = 2. Is i prime?
True
Suppose 28 + 16 = -g + 3*u, 3*g = -2*u - 165. Let v = g + 3916. Is v a composite number?
False
Let q be 6*((-6)/4 + 1). Let n = -102 + 100. Is (-4 - n)/(q/33) prime?
False
Let m(j) = 8*j**2 + 27*j + 26. Suppose 0 = -0*z - 3*z + 36. Is m(z) a composite number?
True
Suppose -3*p + 56592 = 5*t, 4*p - 15*t - 75439 = -16*t. Is p prime?
True
Suppose 5*x + 6 + 20 = -4*c, -3*x - 14 = 2*c. Suppose 3*r = -0 - 6. Is 3*x/r - -494 composite?
True
Is (-2)/4*(-42234)/3 prime?
True
Let t(p) = -p**2 - 56*p + 13. Let l = 2 - 30. Is t(l) a prime number?
True
Let l = 12389 + 26510. Is l a composite number?
True
Suppose -738 = -6*q + 7044. Is q prime?
True
Suppose 0 = -0*r - 14*r - 28. Is (8/r)/(-4)*191 composite?
False
Let b be 108/(-10) - 2/10. Let i(m) = m**2 + 10 - 2679*m + 2679*m. Is i(b) a composite number?
False
Let h(i) = i**3 - 19*i**2 + 23*i + 42. Is h(19) a composite number?
False
Suppose 46*t - 49*t - 10810 = -5*i, -2*t = -4*i + 8646. Is i prime?
False
Suppose -2*l - 16 = -4*y, 0 = 2*l - 5*l - 4*y + 6. Is (l - 2*6)*1934/(-4) composite?
True
Let f(s) = -12*s**3 - 2*s**2 - s + 18. Is f(-7) a composite number?
True
Suppose 0 = -x - 3*v - 11 - 5, 28 = -3*x - 4*v. Is x/(-8)*(3 + 1171) prime?
True
Suppose 10*l - 4*v + 6207 = 13*l, -5*l - v + 10345 = 0. Is l composite?
False
Let r = -6 - -17. Let l = r - 9. Suppose l - 22 = -2*b. Is b composite?
True
Let w(y) = y - 7. Let m be w(10). Let c be 22/2*(m - 2). Let u(f) = 28*f + 9. Is u(c) composite?
False
Is (672/60)/(-14) - (-31589)/5 a prime number?
True
Let i(b) = b**2 - 14*b - 110. Is i(-12) composite?
True
Suppose 0 = 14*p - 83198 - 30860. Is p a composite number?
False
Suppose -5*n + 2*f + 28122 = 7051, -3*f = n - 4204. Is n a prime number?
False
Is ((-40)/30)/((-8)/99894 - 0) a prime number?
True
Let b be 3 - 11*(2 + -1). Let m be (b/10)/((-3)/15). Suppose -4*k - 144 = -5*c + 106, -2*k - 194 = -m*c. Is c prime?
False
Let v = -3170 + 6514. Is 1/(4*4/v) a composite number?
True
Let l(z) = -z**3 - 2*z**2 - 2*z + 24. Let y be l(18). Is (1/(-2))/(6/y) composite?
False
Let p(y) = 2333*y + 67. Is p(14) composite?
True
Suppose 4*l = -248 - 292. Let n(h) = 21*h**3 + 1. Let b be n(1). Let f = b - l. Is f prime?
True
Is (3/1)/((-327)/(-168187)) prime?
True
Let h be (-3)/6 + (-18)/(-4). Suppose -11 + 31 = -h*u. Let b(n) = -2*n**3 - 4*n**2 + n. Is b(u) prime?
False
Suppose 6*s - 2*s = -8. Let q(k) = 199*k**2 + 3*k - 3. Is q(s) composite?
False
Suppose 4*j - 1 = 3. Suppose 9 - j = 4*h. Suppose 30 = h*m - 40. Is m a prime number?
False
Let i(v) = 172*v + 17. Is i(12) a composite number?
False
Suppose g + 374 = 3*t - 1118, -t - 3*g + 504 = 0. Let z(o) = -60*o + 3. Let n be z(2). Let s = t + n. Is s composite?
True
Let f(h) = h**2 + 4*h - 3. Let j be f(-5). Let c be 4/4 - j - 1. Is ((-20)/6)/(c/39) a prime number?
False
Suppose 2*v = 3*m + 6994, -5*m + 5*v - 11656 = 2*v. Let j = -1155 - m. Let w = j - 634. Is w composite?
False
Is (25/(-15))/((-1)/993) composite?
True
Let k be (-20)/(-16) + (-9)/(-12). Is (-50960)/(-77) + k/11 a composite number?
True
Suppose 0 = 5*y - y - s + 6756, -5086 = 3*y + 4*s. Is 6*-4*(-4)/32 - y prime?
True
Suppose -2*q + 38 = -22. Suppose 0 = -5*g - z + 25, 0*g - 4*z + 25 = 5*g. Suppose 0 = 5*b - 5*p - 70, -2*p + q = g*b - 33. Is b composite?
False
Let w(o) = 524*o**2 + 4*o - 24. Let u(s) = -786*s**2 - 6*s + 37. Let l(h) = 5*u(h) + 8*w(h). Is l(4) a prime number?
False
Let u(z) = 2*z**3 - 12*z**2 + 6*z + 3. Let p be u(5). Let a = 430 + p. Is a a composite number?
True
Let b(n) = 10*n**3 - 29*n**2 + 42*n - 20. Let d(j) = 3*j**3 - 10*j**2 + 14*j - 7. Let g(s) = 2*b(s) - 7*d(s). Is g(10) prime?
False
Let h(v) = 232*v - 27. Let i(r) = 695*r - 80. Let l(q) = 7*h(q) - 2*i(q). Is l(4) prime?
True
Let m(o) = -o**3 + 4*o**2 - 2*o + 1. Let k be m(3). Let d be 42/8 + (-1)/k. Suppose 31 = d*v - 19. Is v prime?
False
Let s(t) = 144*t**2 - 4*t. Let j(y) = 19 + 144*y**2 - 19 - 5*y. Let o(q) = -5*j(q) + 6*s(q). Is o(1) prime?
False
Suppose 12437 + 1081 = 9*d. Is d prime?
False
Let d(i) = -5156*i + 49. Is d(-2) prime?
False
Is -1 + (-3)/(-4) + (-851408)/(-64) a composite number?
True
Let v(i) = 16*i**3 + 6*i**2 - 2*i - 3. Let j be v(4). Let y = 2428 - j. Is y prime?
True
Let y(u) = -u**3 + 4*u**2 - u - 2. Let h be y(3). Suppose h*c - 1231 = 1749. Is c composite?
True
Let c(x) be the first derivative of 17*x**2/2 - 3*x + 14. Let u = -8 - -12. Is c(u) prime?
False
Suppose 28*d = 33*d - 77555. Is d prime?
True
Suppose 0*l - 5*x + 2163 = l, 2155 = l + x. Is l a composite number?
False
Suppose 0*i = -i + 690. Let c be (-2)/(-2)*(4 + -13). Is (i/c)/((-4)/6) a prime number?
False
Suppose -1 = -3*l + 8. Suppose -l*i = -4*i. Suppose 3*j + 2*x - 349 = i, 4*x - 324 = -4*j + 136. Is j a prime number?
False
Let n(s) = 3*s**3 - 9*s**2 - 3*s + 11. Let y be n(8). Let f = 1398 - y. Is f prime?
False
Suppose 5*x = p - 2*p + 241, -5*p + 5*x + 1175 = 0. Suppose j - p = -0*j + 5*i, 2*i - 201 = -j. Is j a prime number?
True
Let c = 9 - 16. Let i = c - -4. Let p(x) = -4*x**3 - x**2 + 2*x - 2. Is p(i) a composite number?
True
Suppose 9*t + 42 - 141 = 0. Suppose -t*z + 0*z = -8767. Is z a composite number?
False
Suppose 5*n = 6*n - 3. Suppose n*h = 31 - 10. Suppose 0 = -3*m + 86 + h. Is m a prime number?
True
Let n = 12337 - -322. Is n composite?
False
Suppose -20 = 5*d, 15*d - 36372 = -4*j + 11*d. Is j prime?
False
Suppose 4*p + 2 + 3 = -3*t, 3*p - 3*t - 12 = 0. Let s(z) = 12*z - 7. Let l be s(8). Is (1 + p)*l/2 composite?
False
Let w(y) = -y**3 + 12*y**2 - 8*y + 23. Let u be w(11). Let l = 247 - u. Is l composite?
False
Let p be (2 - 3)/(3/(-9)). Let y be ((-6*p)/(-3))/2. Suppose x - 1254 = -2*x + y*o, 5*o + 833 = 2*x. Is x composite?
False
Suppose -8*x - 17*x + 187825 = 0. Is x a prime number?
False
Suppose 61*s - 148918 = 83431. Is s a prime number?
False
Is (-373156)/(-18) - (-16)/(2160/15) a prime number?
True
Let i be (-4)/((-3)/2241*-3) + -2. Is 2/4*-6*i/3 a prime number?
False
Suppose -i + 11*i - 142150 = 0. Is i a prime number?
False
Let c(w) be the second derivative of 57*w**4/4 +